ose -c = -v*c + t. List the prime factors of c.
2, 11
Suppose -c = -3*h + 2*c + 750, -1266 = -5*h - 3*c. Suppose -14*q + h = -2*q. List the prime factors of q.
3, 7
Let l be (-3)/(-2)*(-2 - -4). Suppose 3*f - 87 = -3*h, 0*h - 63 = -3*h + l*f. Suppose 4*w = 107 + h. What are the prime factors of w?
3, 11
Let b(p) = 127*p - 81. List the prime factors of b(9).
2, 3, 59
Let f be 5/5 - (-1 - -3). Let l be (-1 + 62/6)*-6. List the prime factors of f/(-4) - 4018/l.
2, 3
Let j be (-465)/(-62)*4/5. Suppose -45*r = -43*r - j. List the prime factors of r.
3
Let v = 4 - 0. Suppose 3 + 25 = v*a. Suppose 0 = -3*g + 5*j + 56, 3*j = g - j - a. What are the prime factors of g?
3
Suppose -35 = -2*w - 3*p, -p + 18 = 3*w - 45. Let z = w - -2. What are the prime factors of z?
2, 3
What are the prime factors of 27/(-90)*-3265 + (-1)/(-2)?
2, 5, 7
Let o = 21 - 19. Let x(r) = 39*r**2 + 3*r - 1. What are the prime factors of x(o)?
7, 23
List the prime factors of 53*5/(10/6).
3, 53
Suppose -9 = 5*m - 114. Suppose s + 2*f + 3*f - m = 0, 0 = 5*s - 4*f - 105. Let o = s - 4. What are the prime factors of o?
17
Let m be 26/8 - 6/(-8). Let t(z) = 7*z + 2 - 10*z - 4 + m. What are the prime factors of t(-1)?
5
Let c(t) = 3*t**2 - 4*t + 6. Let k be c(3). Suppose 20*g + 150 = k*g. List the prime factors of g.
2, 3, 5
Suppose -a - 3 = 2*i, -i - 2*i - 3*a - 9 = 0. Suppose -2*t + i*t = -10. Suppose -k = -5*x - 18, -3*x + 72 = t*k - 102. List the prime factors of k.
3, 11
Suppose -4*m = 7 - 31. Suppose 4*o - 6 = m. Suppose g + o*g + 44 = 4*z, 4*z - 48 = 2*g. What are the prime factors of z?
13
List the prime factors of -5 - (-4 + -4612 - (-5 + 3)).
11, 419
Suppose 5*h + 10 = 35. Suppose h*d - 537 = 2*a, 0*d + 4*d = -3*a + 448. What are the prime factors of d?
109
Suppose 3*i = -i - 20, 5*p = 3*i + 2165. List the prime factors of p.
2, 5, 43
Suppose 32 = 4*y - 4. Suppose -4*n + y*n + 2195 = 0. List the prime factors of n/(-9) + (-20)/(-90).
7
Let m be 7/(-1) + 4 + 8. Suppose 19 = m*y - 6. Let a = y - -10. What are the prime factors of a?
3, 5
Let g = -1134 + 1976. What are the prime factors of g?
2, 421
Suppose -9*p + 52 + 74 = 0. Let d(w) = 4*w**2 - 35*w + 7. List the prime factors of d(p).
7, 43
Let l = -78 - -78. What are the prime factors of 41 + l + (2 - 4)?
3, 13
Let p = -61 + 42. Let i = p - -11. What are the prime factors of ((-4)/i)/((-1)/(-106))?
53
Let i be ((-1)/3)/((-13)/897). Suppose -132 = -27*k + i*k. List the prime factors of k.
3, 11
Suppose -2*z + 9 = 3*h - 21, -5*z - 3*h = -66. Let t be z/20 - 17/(-5). Suppose -4*a - 8 = -4*o, -22 + t = -2*o - 5*a. List the prime factors of o.
2
Suppose 0*s = -s + 4. Suppose -4*r + 0*r = -s. What are the prime factors of 125/5 - r/1?
2, 3
Let k(l) = -20*l - 23. Suppose -25 = 5*m + 10. List the prime factors of k(m).
3, 13
What are the prime factors of (-211 + -883)/(2/(-1) - 0)?
547
Let f(c) = -61*c**3 + 14*c**2 + 32*c + 5. List the prime factors of f(-3).
2, 29
Suppose 2*h + 330 = 1276. List the prime factors of h.
11, 43
Suppose 0 = -3*z - v + 7729, -5*v - 7741 = -3*z - 0*v. What are the prime factors of z?
3, 859
Let d = 797 - 463. What are the prime factors of d?
2, 167
Let a(p) = 6*p**2 - 5*p - 5. Let f(w) = -7*w - 39. Let r be f(-5). List the prime factors of a(r).
3, 37
What are the prime factors of (77 - (7 + -6))*(-37)/(-4)?
19, 37
Suppose 5*o - 2663 = 2037. Suppose 20*l - o = 15*l. What are the prime factors of l?
2, 47
Let z = -18 - -3. Let l = 18 + z. Suppose 4*q - 1 = -l*c + 10, q = 5*c - 3. List the prime factors of q.
2
Suppose 0 = g + 3*g - 20. Suppose -i = -g*j - 80 + 28, i - j = 48. Let b = 77 - i. What are the prime factors of b?
2, 3, 5
Suppose -4*k + 751 = -233. Let t = k + -119. What are the prime factors of t?
127
Let o be (3/(-2) + -1)*-2. Let h(p) = p**2 + 3. What are the prime factors of h(o)?
2, 7
List the prime factors of (-5 + 833/(-14))*-4.
2, 3, 43
Let c(t) = t. Let v be (-10)/3*108/(-60). What are the prime factors of c(v)?
2, 3
Let t(k) = k**3 + 8*k**2 - 42*k + 6. List the prime factors of t(-8).
2, 3, 19
Let j(k) = 11*k**2 - 4*k - 1. Let y = -51 + 53. List the prime factors of j(y).
5, 7
What are the prime factors of 4/(-38) + (4 - 158067/(-57))?
2777
Let u(i) = 56*i**3 - 2*i**2 + 8*i - 3. List the prime factors of u(2).
3, 151
Suppose 3*g - 2*m - 17 = 0, 6 + 4 = -2*g - 4*m. Suppose g = a - 2. Suppose -2*u - a*k + 35 = 0, 10 + 9 = u + 2*k. What are the prime factors of u?
5
Let j(y) = 5*y**2 + 120 - 112 + 16*y + 16*y. List the prime factors of j(-9).
5
Let u(f) = -f**3 + 5*f**2 - 6*f - 10. Let w be u(6). Let j = w - -219. What are the prime factors of j?
137
Suppose -o = 2*t - 4, -8 = t - 4. Suppose o - 23 = -d. What are the prime factors of d?
11
Let i(z) = -z**3 - 7*z**2 + z - 26. Let g(f) = -2*f + 48. Let d be g(28). What are the prime factors of i(d)?
2, 3, 5
Let s = 123 + -72. Let o = s - 2. List the prime factors of o.
7
Suppose -4*j + 0*j - 28 = 0. Let v be 4 + j - -3*1. What are the prime factors of 11 - (v - 2 - 1)?
2, 7
Let a = -16 - -14. Let n = -1 - a. Suppose -v + 8 - n = 0. What are the prime factors of v?
7
Let a be (((-80)/25)/4)/(4/(-70)). Suppose -2*i - a = -138. List the prime factors of i.
2, 31
Let c(k) = 9*k**2 + 101*k + 7. What are the prime factors of c(9)?
5, 7, 47
Let n = -42 + 43. List the prime factors of n + 3 - (28 + -102).
2, 3, 13
Let x(f) = 10*f**2 + f. Suppose 4*d = 3*l + 10, 5*l + 4*d + 7 = 1. Let s be x(l). Let a = 78 - s. List the prime factors of a.
2, 5
Let r(y) = -y**3 - 4*y**2 - 13*y - 21. List the prime factors of r(-8).
3, 113
Suppose p = 5*x + 1491, -2*p + 588 = 3*x - 2355. List the prime factors of p.
2, 3, 41
Let a = -10 - -10. Suppose 3*f = -4*n + 410, 2*f + 2*n - 361 + 89 = a. List the prime factors of f.
2, 67
Let n be ((-1)/(-4)*0)/(1 - -1). Suppose 464 = -n*q + 8*q. What are the prime factors of q?
2, 29
Let j = 24 - 24. Suppose -o = -j*o - 66. What are the prime factors of o?
2, 3, 11
Let q(o) = -78*o - 65. What are the prime factors of q(-5)?
5, 13
Let p(d) = 11*d - 27 + 5*d - 4. What are the prime factors of p(12)?
7, 23
Suppose 4*u - 376 = s, 444 = 5*u + 2*s - 26. Suppose -q + u = q. Suppose 3*m = 5*d + q + 23, d = 1. What are the prime factors of m?
5
Suppose -1 = -y + 2. Let k(u) = u - 1. Let o(b) = -2*b**2 - 1. Let f(m) = 2*k(m) - o(m). What are the prime factors of f(y)?
23
Let x = -22 - -26. Suppose -c + 432 = 2*k, 0*k - 864 = -x*k + 2*c. Suppose 5*i - k = i. What are the prime factors of i?
2, 3
Let a = 684 - 175. List the prime factors of a.
509
What are the prime factors of -4*(-15630)/(-12)*(-4)/5?
2, 521
Suppose 0 = 3*y + 2*l - 17, 0 = -6*y + 5*y - 3*l + 8. Suppose 360 = 4*a + 4*c, a - y*c - 30 = 84. List the prime factors of a.
2, 47
Let r = 24 + -22. Suppose -15 = 5*g, -4*g - 3 = r*i + i. Suppose 5*b - 177 = b + i*l, 0 = -5*b - 3*l + 255. List the prime factors of b.
2, 3
Let q(l) = -l**3 + 6*l**2 - l + 1. Let b(x) = -3*x**3 + x**2 - 12*x - 10. Let p(h) = -b(h) + 2*q(h). Let r = -4 + -6. List the prime factors of p(r).
2, 3
Let p be (((-63)/6)/(-7))/(6/8). Suppose 419 = 4*r + p*l + 3*l, 2*l + 2 = 0. List the prime factors of r.
2, 53
Let v = 31 + -28. Suppose 17 = l - v*q, -8*l + 3*q + 104 = -4*l. List the prime factors of l.
29
Let k be 14/6 + 5/(-15). Suppose 2*j + 3*m = -k*j - 96, 3*j - m + 85 = 0. Let o = j + 52. List the prime factors of o.
5
Let j(k) = 33*k**2 + 10*k - 10. List the prime factors of j(-5).
3, 5, 17
Suppose 5*g + 4 = 14. Let j be g/4*(9 - -3). Suppose -j*u = -4*u - 74. List the prime factors of u.
37
Suppose 0 = -2*p + 4, a - 2468 = -2*a - p. What are the prime factors of a?
2, 3, 137
Let o = 892 - 567. What are the prime factors of o?
5, 13
Suppose -4*b + 10 = 2*g, -g - 2 = -b + 2. Suppose b*v - 14 = v. Suppose 0 = -2*q + v*q - 25. What are the prime factors of q?
5
Suppose 4*k + 5*y = -9, -4*y = -6 - 6. Let o be (10 + 5)*k/(-5). Let v = o - -1. List the prime factors of v.
19
Let s be (3/3)/(1/6). Suppose s = 4*x - 2. Suppose x*h - 27 = 5*a + 1, -5*h - 5*a = -35. What are the prime factors of h?
3
Suppose 3*g - 5*p + 228 = 0, 3*g + 0*p + 252 = -3*p. Let q = g - -116. What are the prime factors of q?
5, 7
Let a(l) = l**3 + l**2 + 3*l + 103. Suppose 3*p = -3*g + 6, 6 = 3*g + 5*p - 4. What are the prime fac